{"id":38,"date":"2015-02-20T20:49:58","date_gmt":"2015-02-20T18:49:58","guid":{"rendered":"http:\/\/www.terapiaultramed.ro\/?page_id=38"},"modified":"2026-01-28T22:45:48","modified_gmt":"2026-01-28T20:45:48","slug":"diagnoza","status":"publish","type":"page","link":"http:\/\/www.terapiaultramed.ro\/?page_id=38","title":{"rendered":"Testare"},"content":{"rendered":"\n<p>Dispozitivul Mora Nova, fabricat \u00een Germania depisteaz\u0103:<\/p>\n\n\n\n<ul class=\"wp-block-list\">\n<li>peste 2.000 de&nbsp;<a href=\"http:\/\/www.terapiaultramed.ro\/?page_id=135\">alergeni<\/a><\/li>\n<\/ul>\n\n\n\n<ul class=\"wp-block-list\">\n<li>stabile\u015fte compatibilit\u0103\u0163i \u00eentre pacient \u015fi medicament<\/li>\n<\/ul>\n\n\n\n<ul class=\"wp-block-list\">\n<li>testeaz\u0103 toate organele corpului uman:\n<ul class=\"wp-block-list\">\n<li>capul (ochi, maxilar, din\u021bi, mandibul\u0103, urechi)<\/li>\n\n\n\n<li>g\u00e2t (laringe, faringe)<\/li>\n\n\n\n<li>glanda tiroid\u0103 (hormoni tiroideinei)<\/li>\n\n\n\n<li>pl\u0103m\u00e2nii<\/li>\n\n\n\n<li>cordul<\/li>\n\n\n\n<li>torace, s\u00e2nii<\/li>\n\n\n\n<li>ficat<\/li>\n\n\n\n<li>vezica biliar\u0103<\/li>\n\n\n\n<li>colecist<\/li>\n\n\n\n<li>stomac<\/li>\n\n\n\n<li>duoden, splin\u0103<\/li>\n\n\n\n<li>pancreas<\/li>\n\n\n\n<li>intestine<\/li>\n\n\n\n<li>colon<\/li>\n\n\n\n<li>apendice<\/li>\n\n\n\n<li>rect<\/li>\n\n\n\n<li>hemoroizi<\/li>\n\n\n\n<li>sistem urinar: rinichi, ureter, uretr\u0103, mu\u0219chii sfincterului intern al colului vezical, vezica urinar\u0103<\/li>\n\n\n\n<li>pelvis femei: ovare, endometru, uter, vagin<\/li>\n\n\n\n<li>pelvis b\u0103rba\u021bi: prostat\u0103, testicule<\/li>\n\n\n\n<li>schelet<\/li>\n\n\n\n<li>intoleran\u0163e alimentare<\/li>\n\n\n\n<li>intoxica\u0163ii cu substan\u0163e toxice, aditivi alimentari, agen\u0163i declan\u015fatori ai astmului bron\u015fic \u015fi dermatitelor<\/li>\n\n\n\n<li>dezechilibre acido bazice<\/li>\n\n\n\n<li>infec\u0163ii virale \u015fi microbiene<\/li>\n\n\n\n<li>parazitoze<\/li>\n\n\n\n<li>micoze<\/li>\n\n\n\n<li>deficit de vitamine, minerale<\/li>\n\n\n\n<li>blocaje energetice<\/li>\n\n\n\n<li>diabetul zaharat<\/li>\n<\/ul>\n<\/li>\n<\/ul>\n\n\n\n<ul class=\"wp-block-list\">\n<li>stabile\u015fte compatibilit\u0103\u0163i \u00eentre pacient \u015fi medicament, produs cosmetic sau o substan\u021b\u0103 chimic\u0103.<\/li>\n<\/ul>\n","protected":false},"excerpt":{"rendered":"<p>Dispozitivul Mora Nova, fabricat \u00een Germania depisteaz\u0103:<\/p>\n","protected":false},"author":1,"featured_media":0,"parent":0,"menu_order":5,"comment_status":"closed","ping_status":"closed","template":"","meta":{"footnotes":""},"class_list":["post-38","page","type-page","status-publish","hentry"],"_links":{"self":[{"href":"http:\/\/www.terapiaultramed.ro\/index.php?rest_route=\/wp\/v2\/pages\/38","targetHints":{"allow":["GET"]}}],"collection":[{"href":"http:\/\/www.terapiaultramed.ro\/index.php?rest_route=\/wp\/v2\/pages"}],"about":[{"href":"http:\/\/www.terapiaultramed.ro\/index.php?rest_route=\/wp\/v2\/types\/page"}],"author":[{"embeddable":true,"href":"http:\/\/www.terapiaultramed.ro\/index.php?rest_route=\/wp\/v2\/users\/1"}],"replies":[{"embeddable":true,"href":"http:\/\/www.terapiaultramed.ro\/index.php?rest_route=%2Fwp%2Fv2%2Fcomments&post=38"}],"version-history":[{"count":17,"href":"http:\/\/www.terapiaultramed.ro\/index.php?rest_route=\/wp\/v2\/pages\/38\/revisions"}],"predecessor-version":[{"id":356,"href":"http:\/\/www.terapiaultramed.ro\/index.php?rest_route=\/wp\/v2\/pages\/38\/revisions\/356"}],"wp:attachment":[{"href":"http:\/\/www.terapiaultramed.ro\/index.php?rest_route=%2Fwp%2Fv2%2Fmedia&parent=38"}],"curies":[{"name":"wp","href":"https:\/\/api.w.org\/{rel}","templated":true}]}}