{"id":40,"date":"2015-02-20T20:51:19","date_gmt":"2015-02-20T18:51:19","guid":{"rendered":"http:\/\/www.terapiaultramed.ro\/?page_id=40"},"modified":"2022-08-18T07:50:41","modified_gmt":"2022-08-18T04:50:41","slug":"contact","status":"publish","type":"page","link":"http:\/\/www.terapiaultramed.ro\/?page_id=40","title":{"rendered":"Contact"},"content":{"rendered":"\n<h4 class=\"wp-block-heading\"><strong>Date de contact&nbsp;<\/strong><\/h4>\n\n\n\n<p><strong>Telefon:<\/strong> +40740 391 974<\/p>\n\n\n\n<p><strong>Email:<\/strong> officeterapiaultramed@gmail.com <\/p>\n\n\n\n<p><strong>Adresa:<\/strong> Pia\u021ba Armatei nr. 16 T\u00e2rgu Mure\u0219<\/p>\n\n\n\n<h4 class=\"wp-block-heading\"><strong>Orar<\/strong><\/h4>\n\n\n\n<p><strong>Luni \u2013 Vineri:<\/strong> 8:00 \u2013 20:00<\/p>\n\n\n\n<p><strong>S\u00e2mb\u0103t\u0103:<\/strong> 8:00 \u2013 16:00<\/p>\n\n\n\n<p><strong>Duminic\u0103:<\/strong> \u00eenchis<\/p>\n\n\n\n<h5 class=\"wp-block-heading\"><strong>Consulta\u021biile se fac doar pe baz\u0103 de programare!<\/strong><\/h5>\n\n\n\n<iframe loading=\"lazy\" src=\"https:\/\/www.google.com\/maps\/embed?pb=!1m18!1m12!1m3!1d2744.4491553905477!2d24.546405983991672!3d46.53880108545311!2m3!1f0!2f0!3f0!3m2!1i1024!2i768!4f13.1!3m3!1m2!1s0x474bb75c79a3db43%3A0xe4863059cd896de5!2sTerapia%20Ultramed!5e0!3m2!1sen!2sro!4v1585755856698!5m2!1sen!2sro\" width=\"600\" height=\"450\" frameborder=\"0\" style=\"border:0;\" allowfullscreen=\"\" aria-hidden=\"false\" tabindex=\"0\"><\/iframe>\n","protected":false},"excerpt":{"rendered":"<p>Date de contact&nbsp; Telefon: +40740 391 974 Email: officeterapiaultramed@gmail.com Adresa: Pia\u021ba Armatei nr. 16 T\u00e2rgu Mure\u0219 Orar Luni \u2013 Vineri: 8:00 \u2013 20:00 S\u00e2mb\u0103t\u0103: 8:00 \u2013 16:00 Duminic\u0103: \u00eenchis Consulta\u021biile se fac doar pe baz\u0103 de programare!<\/p>\n","protected":false},"author":1,"featured_media":0,"parent":0,"menu_order":6,"comment_status":"closed","ping_status":"closed","template":"","meta":{"footnotes":""},"class_list":["post-40","page","type-page","status-publish","hentry"],"_links":{"self":[{"href":"http:\/\/www.terapiaultramed.ro\/index.php?rest_route=\/wp\/v2\/pages\/40","targetHints":{"allow":["GET"]}}],"collection":[{"href":"http:\/\/www.terapiaultramed.ro\/index.php?rest_route=\/wp\/v2\/pages"}],"about":[{"href":"http:\/\/www.terapiaultramed.ro\/index.php?rest_route=\/wp\/v2\/types\/page"}],"author":[{"embeddable":true,"href":"http:\/\/www.terapiaultramed.ro\/index.php?rest_route=\/wp\/v2\/users\/1"}],"replies":[{"embeddable":true,"href":"http:\/\/www.terapiaultramed.ro\/index.php?rest_route=%2Fwp%2Fv2%2Fcomments&post=40"}],"version-history":[{"count":27,"href":"http:\/\/www.terapiaultramed.ro\/index.php?rest_route=\/wp\/v2\/pages\/40\/revisions"}],"predecessor-version":[{"id":299,"href":"http:\/\/www.terapiaultramed.ro\/index.php?rest_route=\/wp\/v2\/pages\/40\/revisions\/299"}],"wp:attachment":[{"href":"http:\/\/www.terapiaultramed.ro\/index.php?rest_route=%2Fwp%2Fv2%2Fmedia&parent=40"}],"curies":[{"name":"wp","href":"https:\/\/api.w.org\/{rel}","templated":true}]}}