{"id":83,"date":"2015-03-05T18:21:33","date_gmt":"2015-03-05T16:21:33","guid":{"rendered":"http:\/\/www.terapiaultramed.ro\/?page_id=83"},"modified":"2026-01-28T22:28:12","modified_gmt":"2026-01-28T20:28:12","slug":"principal","status":"publish","type":"page","link":"https:\/\/www.terapiaultramed.ro\/","title":{"rendered":"Acas\u0103"},"content":{"rendered":"<p>Terapia Ultramed ofer\u0103 servicii de echilibrare energetic\u0103 la cele mai \u00eenalte standarde, cu aparatul Mora Nova de cea mai nou\u0103 genera\u021bie, omologat \u0219i avizat de Ministerul S\u0103nata\u021bii din Rom\u00e2nia, fiind utilizat doar de personal calificat.<\/p>\n<p>Stresul, oboseala, sup\u0103rarea \u0219i situa\u021biile conflictuale stau la baza declan\u0219\u0103rii majoritatea bolilor, prin tulburarea fluxului fiziologic energetic, astfel majoritatea patologiilor sunt rezultatele unui lung proces de modific\u0103ri la nivelul sistemului energetic \u00een organismul uman.\u00a0 Aceste modific\u0103ri apar cu mult \u00eenaintea descoperiri bolilor, la \u00eenceput sunt asimptomatice, dup\u0103 care apar simptomele, iar c\u00e2nd persoana sesizeaz\u0103 cu adev\u0103rat c\u0103 are o problem\u0103 medical\u0103, deja boala este instalat\u0103 cu tot tabloul clinic. Datorit\u0103 avans\u0103rii tehnicii medicale, acum pute\u021bi preveni, diagnostica \u0219i trata \u00eentr-un timp foarte scurt o mul\u021bime de afec\u021biuni.<\/p>\n<p>Biorezonan\u021ba cu aparatul Mora Nova, este rezultatul unei cercet\u0103ri de peste 50 de ani al firmei care de\u021bine brevetul de inventator al biorezonan\u021bei, fiind utilizat doar de personal calificat, absolven\u021bi ai cursurilor specializate de biorezonan\u021b\u0103 la nivel interna\u021bional.<br data-rich-text-line-break=\"true\" \/><br \/>\n<span style=\"color: #000080;\"><a href=\"http:\/\/www.terapiaultramed.ro\/wp-content\/uploads\/2015\/03\/DSCN0949.jpg\"><img loading=\"lazy\" decoding=\"async\" class=\"wp-image-140 alignleft\" src=\"http:\/\/www.terapiaultramed.ro\/wp-content\/uploads\/2015\/03\/DSCN0949-1024x768.jpg\" alt=\"DSCN0949\" width=\"320\" height=\"240\" srcset=\"https:\/\/www.terapiaultramed.ro\/wp-content\/uploads\/2015\/03\/DSCN0949-1024x768.jpg 1024w, https:\/\/www.terapiaultramed.ro\/wp-content\/uploads\/2015\/03\/DSCN0949-300x225.jpg 300w\" sizes=\"auto, (max-width: 320px) 100vw, 320px\" \/><\/a><\/span><span style=\"color: #000080;\"><a href=\"http:\/\/www.terapiaultramed.ro\/wp-content\/uploads\/2015\/03\/DSCN0944.jpg\"><img loading=\"lazy\" decoding=\"async\" class=\"  wp-image-139 alignright\" src=\"http:\/\/www.terapiaultramed.ro\/wp-content\/uploads\/2015\/03\/DSCN0944-1024x768.jpg\" alt=\"DSCN0944\" width=\"322\" height=\"241\" srcset=\"https:\/\/www.terapiaultramed.ro\/wp-content\/uploads\/2015\/03\/DSCN0944-1024x768.jpg 1024w, https:\/\/www.terapiaultramed.ro\/wp-content\/uploads\/2015\/03\/DSCN0944-300x225.jpg 300w\" sizes=\"auto, (max-width: 322px) 100vw, 322px\" \/><\/a><\/span><\/p>\n<p style=\"text-align: center;\">\n","protected":false},"excerpt":{"rendered":"<p>Terapia Ultramed ofer\u0103 servicii de echilibrare energetic\u0103 la cele mai \u00eenalte standarde, cu aparatul Mora Nova de cea mai nou\u0103 genera\u021bie, omologat \u0219i avizat de Ministerul S\u0103nata\u021bii din Rom\u00e2nia, fiind utilizat doar de personal calificat. Stresul, oboseala, sup\u0103rarea \u0219i situa\u021biile conflictuale stau la baza declan\u0219\u0103rii majoritatea bolilor, prin tulburarea fluxului fiziologic energetic, astfel majoritatea patologiilor&hellip;<\/p>\n","protected":false},"author":1,"featured_media":0,"parent":0,"menu_order":0,"comment_status":"closed","ping_status":"closed","template":"","meta":{"footnotes":""},"class_list":["post-83","page","type-page","status-publish","hentry"],"_links":{"self":[{"href":"https:\/\/www.terapiaultramed.ro\/index.php?rest_route=\/wp\/v2\/pages\/83","targetHints":{"allow":["GET"]}}],"collection":[{"href":"https:\/\/www.terapiaultramed.ro\/index.php?rest_route=\/wp\/v2\/pages"}],"about":[{"href":"https:\/\/www.terapiaultramed.ro\/index.php?rest_route=\/wp\/v2\/types\/page"}],"author":[{"embeddable":true,"href":"https:\/\/www.terapiaultramed.ro\/index.php?rest_route=\/wp\/v2\/users\/1"}],"replies":[{"embeddable":true,"href":"https:\/\/www.terapiaultramed.ro\/index.php?rest_route=%2Fwp%2Fv2%2Fcomments&post=83"}],"version-history":[{"count":22,"href":"https:\/\/www.terapiaultramed.ro\/index.php?rest_route=\/wp\/v2\/pages\/83\/revisions"}],"predecessor-version":[{"id":358,"href":"https:\/\/www.terapiaultramed.ro\/index.php?rest_route=\/wp\/v2\/pages\/83\/revisions\/358"}],"wp:attachment":[{"href":"https:\/\/www.terapiaultramed.ro\/index.php?rest_route=%2Fwp%2Fv2%2Fmedia&parent=83"}],"curies":[{"name":"wp","href":"https:\/\/api.w.org\/{rel}","templated":true}]}}